 + 8?
-66
5 - (132 + (-80 + 36 - -23))
-106
What is the value of -42 + (21 + -10 + -38 - -27)?
-42
102 + (69 - 13 - 90)
68
What is -14 - (-9 + 15 + (-13 - (16 + -12)))?
-3
Evaluate (14 - 1 - -3 - (889 + -992)) + -13.
106
Evaluate -49 + (-127 - -61) + 50.
-65
Evaluate -9 + 0 + (-39 - (-45 - -32)).
-35
Evaluate 4292 + -4369 - (0 - 56).
-21
-28 + (-1 + -1 - (6 + -4 + -12))
-20
What is the value of 5 + -2 + (70 + 4 - 9) - 1?
67
Evaluate 10 + (28 - 22) + 22 + -22.
16
What is -52 + (32 - -2) + -9 + 5 + 4?
-18
Evaluate 0 - 22 - (-104 - -69 - (-16 + -23)).
-26
(-2 - (3 + -67)) + -62 + (31 - -42)
73
What is the value of -25 + (4 - -2) + (90 - 92)?
-21
What is the value of 10 + 0 + -8 - (-13 + 34 + -25)?
6
What is -1713 + 1714 + (25 - -2)?
28
What is 33 + -63 + 43 + -21?
-8
What is 111 - (-69 + -1 + 192)?
-11
What is the value of (-8 - -19 - -33) + -86?
-42
What is the value of 632 + -713 + 2 + 2?
-77
What is -3 - (143 - 141 - (0 - 10))?
-15
Evaluate (-73 - (-23 + -28 + 34)) + 21.
-35
What is the value of -23 + 17 + -53 + 16?
-43
-7 - (-6 + 0) - ((-6 - (0 + 1)) + -4)
10
Evaluate -100 + (-25 - -78) - (-17 + 0).
-30
What is 29 - (-16 - -50) - (1 - -38)?
-44
Calculate 15 + (-6 + (15 - -34) - 17).
41
What is the value of (-161 - -154) + (-4 - -32) + -3 + 0?
18
What is the value of 47 + -1 + (-30 - (-14 - -22 - 34))?
42
Evaluate -16 + -13 + 8 + (-51 - -77) - (-24 - 0).
29
Evaluate 55 + (-40 + -17 - 27) + 3 + (0 - 0).
-26
Evaluate 16 - (1172 + -1230 - (0 + (-14 - 2))).
58
-11 - 12 - (17 - 29 - 30)
19
What is 4 - (-22 - (-43 - 4 - -1))?
-20
-3672 - -3686 - (-5 + 5 - 134)
148
What is the value of (47 - 26) + -82 - (-10 + 19 + -3)?
-67
Evaluate (1 - 13) + -2 - (117 + -89 - 56).
14
What is the value of (-3 + 2 - 17) + (113 - (-152 - -245))?
2
Calculate 129 - -1 - (296 - (-262 - -566)).
138
Calculate -56 + 7 + (-15 - (-46 - -35)) + (-1 - -1).
-53
What is the value of -5 - (-5 + 6 + -3) - (-56 - (-193 + 29))?
-111
What is 59 - 11 - -16 - 30 - -41?
75
What is the value of -83 - (-135 + 33) - 54?
-35
Evaluate -637 + 688 + (15 - 7).
59
28 + -9 + -9 + (-27 - -41)
24
-73 - (-38 + 21 + 13)
-69
Evaluate 49 + (-42 + 32 - 9).
30
What is (31 - (-43 + 56)) + (-1 - 33)?
-16
Calculate (15 - 117) + (2 - 2 - (-19 + 18)) + -16.
-117
What is the value of -8 + 11 - 20 - (10 + -6 + -10 - -16)?
-27
Evaluate 17 - (-6 - -21) - -67 - 2.
67
-14 + (-8 - -28) - (-3 + 9)
0
Calculate (27 - 1) + (297 - 10) + -315.
-2
What is the value of (26 - -231) + -150 + (0 - 25)?
82
Calculate 3 - -7 - 2 - (-25 - 11).
44
What is the value of (-7 - (4 - (-5 - (-13 + 13)))) + 7?
-9
What is the value of -19 - -31 - 61 - (16 - -28)?
-93
What is 870 - 792 - (2 - -38)?
38
What is -34 + 4 + -4 - ((10 - 7) + 4 - 8)?
-33
What is 18 + -61 - (-27 + 35 - (5 + 9))?
-37
Evaluate -152 + 165 - (12 + 2) - -149 - 11 - 15.
122
(-43 - (-39 + (21 - 20))) + 18 + (-2 - -1)
12
What is the value of (-4 - (-6 + (-5 - 8))) + -146 + 93?
-38
What is (-676 - -650) + 0 + 0?
-26
-8 + (1 + 0 - -11) + -12 - (-53 + -1)
46
What is the value of (-2 - -51 - 26) + 9?
32
What is the value of 57 + (-34 - 34 - -26) + (-64 - 0)?
-49
What is (3 - 0) + (-23 + (58 - 16) - -25)?
47
What is the value of 129 - -6 - (-3296 - -3424)?
7
What is -77 + -46 + 93 + -7 + -1 + 2?
-36
What is 27 - (37 - (24 - (-14 + 22))) - (-1 + -17)?
24
-34 + (63 - (-30 + 94))
-35
Evaluate -4 + 1 - 9 - (-5 + 10 + -64 + 4).
43
What is -46 + (22 - -41) + (-4 - 1) + -11?
1
What is (232 - (-85 + 338)) + (114 - -1)?
94
What is the value of (17 - (17 + 4)) + (9 - -9) - -21?
35
Calculate 44 - (48 - 18) - (-1 + -22).
37
(-5 - 59) + (130 - 80)
-14
What is the value of -11 + (35 - (-19 + 106 + 12))?
-75
(17 - 1) + (-16 - (-75 - -75))
0
Calculate (1 - 109) + (-1964 - -2011 - (35 - 0)) - -14.
-82
What is the value of -4 - (25 + 9 + -14) - 5?
-29
What is -18 - (7 + (55 - (15 - -17)))?
-48
Calculate -33 - (-4 + 17 + -8) - (7 + (5 - 13)).
-37
-32 + (-6 + 12 + -10 - -2) + -2
-36
What is the value of 18 + (2 - -2) + -15 + -392 + 364?
-21
What is -1 + -38 - (-167 + 79 - -67)?
-18
Evaluate -1 - 3 - (6 + -11 + (9 - (4 + -6))).
-10
What is (6 + 68 - 26) + -38?
10
-70 + (-8 - (-38 + 6))
-46
What is the value of -16 + (68 - 104) + 48 + 1 + -33?
-36
What is the value of -2 - (-38 + 356 + -363 + (0 - 1) + 5)?
39
Calculate -27 + (-11 - (79 + -73 + 34)).
-78
Calculate 159 - (889 + -849 + (-18 - (-4 - -3))).
136
What is the value of -45 + (2 + -5 - (152 - 155))?
-45
Evaluate (-26 - 36) + -25 + (19 - (0 + 12)).
-80
Evaluate 16 + 22 + 11 + -28 + 33 + -2 + -6.
46
What is the value of 125 + -79 + 5 + (4 - -2 - -1)?
58
Evaluate 20 - (65 - 59) - (33 + 11).
-30
17 - (-39 + (-165 - -148 - (0 + 1)))
74
(-58 - 2) + -4554 + 4681
67
Evaluate 125 + -2 - (-287 - (-180 - 134)).
96
(3 - (-5 - (-11 - -13))) + -2 + -3 + -19
-14
What is the value of 0 - -12 - (-8 + 22 - (0 - -8))?
6
19 + (-46 + (68 - 22) - (-11 + 0))
30
Calculate 1 + -10 - (41 + (33 - 26) + -100).
43
What is the value of (478 - 465) + (0 - 34)?
-21
Calculate -48 - (-32 - -4) - (-5 + -5).
-10
What is (2 - -5) + (-1645 - -1638)?
0
What is 15 - 15 - ((10 - 14) + 9)?
-5
What is (-14 - -12) + -8 + (36 - (-13 - -9))?
30
Calculate 13 - ((-3 + -13 - -2) + 0 - -3).
24
What is the value of 644 + -727 + (-3 - -92)?
6
What is 111 + ((-19 - -123) + -47 - 39)?
129
3 + 3 + 2 - (5 + 17 + -20)
6
What is the value of -2654 + 2631 - (15 - 0)?
-38
What is (-29 - -1) + 8061 + -8017?
16
1333 - 1349 - (-59 - 1)
44
What is -2 - ((52 - 5) + (2 - 3 - 0 - 11))?
-37
What is the value of 32 + (8 - -2 - (-26 - (-13 - 17)) - 3)?
35
Calculate (-41 - -34) + 8 + -60 + (5 - 6).
-60
Evaluate 128 + -70 - (13 + -2 + 4).
43
Evaluate 16 - (19 - 6 - -53).
-50
What is the value of (3 - -61) + (33 - 0) + (8 - 21)?
84
Calculate -82 + (-5 - -14) + 11 + 5 + -1.
-58
10 - ((-99 - -166) + -61 - (20 + 0 - 2))
22
Calculate 24152 + -24028 + (-199 - 1).
-76
What is -355 - -233 - (-3 - 122)?
3
Evaluate 74 + -44 + -3 - 14 - -36.
49
What is (0 - 11) + -122 + 51 + 79?
-3
-138 - (31 - (26 + 121))
-22
-49 + (45 - 28 - 5)
-37
What is 34 + (0 + -5 + 14 - 22)?
21
What is -318 + 329 + (-8 - 0) + 37?
40
Evaluate (4 + -7 - -2) + -19 + 9 - (-52 + 2).
39
What is (1 - 25) + (22 - -36) + -48?
-14
-2 + 1 + (-139 - -156) - -39
55
Calculate -4 + (8 + (8 - (3 - -2)) - -53 - -4).
64
What is -35 + -4 + -3 - ((1 - -20) + -291 + 276)?
-48
Calculate (-51 - (102 + -85)) + 89.
21
(64 - -8) + (2 - 1 - -16 - (-435 + 467))
57
What is -68 - (-82 + -9 + 66)?
-43
Calculate -132 + (-42 - -84) + -7.
-97
Calculate 5 - ((26 - 34 - 20) + -23).
56
Evaluate (14 - -1 - 80) + -18 + 24.
-59
Evaluate 78 + (-2 - (-9 - (18 + -25))).
78
What is -3132 + 3115 - (-5 + 4 + -64)?
48
What is the value of 0 - (-14 - (16 + -16) - (2 - 26))?
-10
Calculate -32 + (31 + 5 - 42 - -120).
82
What is 117 + -3 + 124 + -167?
71
(-13 - (20 - (22 + -5))) + -30
-46
Calculate -6 + 4 - (3157 + -3277).
118
Evaluate (-1 - 0 - (1 + 0)) + -44 + (-10802 - -10806).
-42
-3 - (48 + -32 - (-6 + 6 + 97))
78
What is the value of 115 - (7 - (2 - -12 - 15) - (4 + -1))?
110
Evaluate (-5 + 48 - (249 - 174)) + -48.
-80
Calculate 9 + -18 + 114 + -141.
-36
What is (41 - 2 - -27) + 11 + -22?
55
Calculate (88 - (114 - 55)) + 49.
78
Calculate 31 + (-7 - 5 - -10) - (15 - 2).
16
Evaluate -62 - ((-6 + (7 - -2) - 14) + -1).
-50
Evaluate (2074 - 1894) + -49 + -6.
125
Evaluate -5 + ((7 - 0) + 8 + -16 + 82 - -11).
87
What is 10 - (-59 - -44 - -67)?
-42
-74 - -83 - (31 + 36)
-58
What is the value of -16 + (-19 - -30 - 1) + 54 + -6?
42
Evaluate -9 - (18 + -111 - -47).
37
Evaluate -1 + (14 + -16 - (0 + -3 - 6)) + -52.
-46
Evaluate 7 + (-34 - -2) + (28 - 9).
-6
What is the value of 46 - (-41 + -30 + 56 + -26)?
87
What is 2 + -6 + 13 - (21 - (-19 + 21)) - -46?
36
What is 1 - -2 - (0 + -11 - -25) - 10?
-21
Calculate 2 + 3 - -71 - (44 + -67 - -34).
65
What is the value of -38 + -40 + (-22 - -157)?
57
Calculate -2 + (-15 - -23) - (10 + 2) - (-91 - -10).
75
What is the value of -1 + (-49 - (8 - 42)) + -1?
-17
What is 82 + (3 - 18) - (161 - 146)?
52
Evaluate 18 - 1 - (0 + -32 + 852 + -756).
-47
Evaluate (-1 - -3) + (4503 - 4562).
-57
What is (4 - (4 - -3 - (11 + -15 - -13))) + 70?
76
What is the value of (1 - 4) + -1 - (8 - (10 + -11 + -51))?
-64
Calculate (-32 - -126) + -13 + 21 + 13 + -13.
102
What is -20 - (